
Suppose 0 = q + 2*q + 3. Let l = q + 14. What are the prime factors of l?
13
Let f = -2 - 0. Let s(b) = -7*b - 2. Let g be s(f). Suppose 4*d + 4*n + g = 40, n = 2*d - 23. List the prime factors of d.
2, 5
Suppose -105*o - 398 = -107*o. List the prime factors of o.
199
Let i(o) = o + 3. Let m be i(-4). Let k = 8 - m. What are the prime factors of k?
3
List the prime factors of (1 - 2)/1*-37.
37
Let z(d) = d**3 - 8*d**2 + 8*d + 2. Let g be z(7). Suppose -j - 5 = 4*j, -4*v = -5*j - 13. Suppose -y = -v*y + g. List the prime factors of y.
3
Let v(r) = -7*r + 21. Let a(u) = -10*u + 31. Suppose -10 - 10 = -4*i. Let d(h) = i*a(h) - 7*v(h). List the prime factors of d(0).
2
Let j be 954/4 - 24/(-16). Suppose 4*m - 9*m = -j. List the prime factors of m.
2, 3
Let w be (-52)/((-3)/15*2). Suppose w = 6*q - q. List the prime factors of q.
2, 13
List the prime factors of (-3)/((-12)/472*2).
59
Suppose -4*u - 1 + 5 = 0. What are the prime factors of 0 - (-1 + (-9)/u)?
2, 5
Let x(m) = -6*m - 3*m + 10 + 4*m**2 - 3*m**2. List the prime factors of x(9).
2, 5
Suppose -67 = -3*d + k, 0 = -2*d - 5*k + k + 40. List the prime factors of d.
2, 11
Let h = 41 + -21. List the prime factors of (-2)/(((-6)/h)/3).
2, 5
Let o = 6 + -4. Let k = -4 + o. List the prime factors of 0 - (2 + k) - -2.
2
Suppose -3*p + 7*p = 12. Suppose -p*x + v + 11 = 0, 2*x + v - 4*v = 12. Suppose -x*f = 3*m + m - 57, -2*f + 6 = 0. What are the prime factors of m?
2, 3
What are the prime factors of 100 + (-3 + 3 - 0)?
2, 5
Let u = 7 + -8. List the prime factors of u/(-4) + (-46)/(-8).
2, 3
Let j(r) = -r**2 - r. Let t = 5 - 3. Let s(f) = -2*f. Let d(w) = t*s(w) - 3*j(w). List the prime factors of d(1).
2
Let f = -22 - -38. Suppose i = -64 - f. What are the prime factors of 2/2 - i/8?
11
Let l be 4/6*6/1. Let w be l/20 + 28/10. Suppose 0 = -w*o + k + 6 + 5, -2*o - k + 4 = 0. List the prime factors of o.
3
Let y(w) = -8*w - 2*w**2 + 5*w + 6*w**2 + 5 - 3. List the prime factors of y(2).
2, 3
Let d be (2/(-3))/((-2)/6). Suppose 0 = 4*t + 6*r - 3*r + 3, -4*t - 5*r - 13 = 0. What are the prime factors of ((-14)/t)/(d/(-6))?
2, 7
Suppose 4*p + k = 15, -p + k + 2 + 3 = 0. Suppose r = p*m + m - 13, -3*r + 1 = 5*m. Suppose -6 = -m*v + 4. What are the prime factors of v?
5
Let p = 21 + 12. List the prime factors of p.
3, 11
Let j(s) = s**2 + 5*s - 4. Let r be j(-5). Let z be 2/6 + 4/(-12) + -9. Let a = r - z. What are the prime factors of a?
5
Let d be 0/(((-4)/2)/1). Suppose -3*v - 5 = 4*g - 28, 4*g + v - 13 = d. List the prime factors of g.
2
Let g(m) = -7*m - 3. What are the prime factors of g(-3)?
2, 3
Let q(a) = 3*a - 4*a + 0*a - 7. Let t be q(-7). Let k(s) = s**3 - s**2 + 11. List the prime factors of k(t).
11
Let b = 5 - 5. Suppose s = -b*s. Let n = s - -14. What are the prime factors of n?
2, 7
Suppose 27 - 2 = 5*i, -45 = -5*w + 3*i. Suppose 3*q + w = 7*q. Suppose 2*o + q*o = 95. What are the prime factors of o?
19
Let j(f) = -10*f - 3. Let m(d) = -d**3 - 16*d**2 - 14*d + 13. Let h be m(-15). What are the prime factors of j(h)?
17
Let z(i) = i**3 - 9*i**2 + 21*i + 8. List the prime factors of z(7).
3, 19
Let k(v) = -v - 1. Let x(n) = -5*n - 3. Let d(l) = -3*k(l) + x(l). Let t be 2 + -4 + 6/(-3). List the prime factors of d(t).
2
List the prime factors of (13 + -2)/((-1)/(-5)).
5, 11
Let l(g) = g - 10. Let d be l(7). Let h be 2 - (-3 - 3/d). Suppose 5 = 5*i, -3*m - i = -h*i - 30. What are the prime factors of m?
11
Let x(p) = -2*p - 4. Let g be x(-3). Suppose -5*r - 96 = -4*f, -5*f + 4*r + 120 = -r. Suppose g = -2*c + f. What are the prime factors of c?
11
Suppose -3*u - 16 = -178. List the prime factors of u.
2, 3
Suppose 2*z - z - 27 = 0. Let q = z + -19. What are the prime factors of q?
2
Suppose -2*g + 16 = -10. Suppose -2*j = 6*v - 3*v - 69, 5*v = -2*j + 115. Suppose v + g = 3*o. What are the prime factors of o?
2, 3
List the prime factors of (-3)/3 + 4 - -96.
3, 11
Let v(m) = m**2 - 4*m + 3. List the prime factors of v(4).
3
Suppose -m + 27 = 7. Suppose 28 = -0*x + x + 2*r, 2*x = 5*r + 56. List the prime factors of ((-21)/x)/((-1)/m).
3, 5
Let m be (-3)/((-9)/12) + -1. Let f(v) = 5*v - 4. List the prime factors of f(m).
11
Let v(k) = -5*k + 2. Suppose -4*j + 18 = 2. Suppose 0 = -j*s - 9 + 1. What are the prime factors of v(s)?
2, 3
Let x(c) = c**2 + 7*c - 4. Let a = 5 - 3. Suppose n = -a*n - 27. List the prime factors of x(n).
2, 7
Let v(t) = -t**2 - t - 2. Let d(j) = -j**2 + 7*j - 2. Let m be d(7). Let r be v(m). What are the prime factors of 8/(-6)*18/r?
2, 3
Suppose 0 = 2*p + 2*p - 12. Suppose -2*i - 2*q = p*i - 85, -5*i = 3*q - 90. What are the prime factors of i?
3, 5
What are the prime factors of 1 - -2 - -3*4?
3, 5
Let c = 25 + -10. Suppose -8*r + c = -3*r. Suppose -i - 24 = -r*i. List the prime factors of i.
2, 3
Suppose 3 = 5*d + 8. Let k(q) = 12*q**2. What are the prime factors of k(d)?
2, 3
Suppose 7 = -z + 5. What are the prime factors of (z - 3)*(1 - 2)?
5
Suppose 2*s = s. Suppose s*j - 38 = -2*j. List the prime factors of j.
19
Let n(y) = 10*y**2 + 2*y - 7. List the prime factors of n(2).
37
Let n be 17/(-6) - 11/66. Let y = 3 - n. List the prime factors of y.
2, 3
Let c(f) = -f**3 - f + 4. List the prime factors of c(-4).
2, 3
Suppose 0 = h + 2*h. Suppose 3*o + o - 36 = h. List the prime factors of o.
3
Let a = 12 - -13. Suppose -5*u + a = 2*i - 0*i, -2*i = -5*u + 5. Suppose -u*p + 37 = 7. List the prime factors of p.
2, 5
Let i be 28/42 - 41/3. Let a = 22 + i. List the prime factors of a.
3
Let j = -547 - -793. List the prime factors of j.
2, 3, 41
Let y = 11 - 9. Suppose 4*p - 52 = -y*d, -2*p = p. List the prime factors of (-3 - d/(-8))*20.
5
Suppose 50 = 5*h - 155. What are the prime factors of h?
41
Let g = -21 - 3. Suppose 4*q + 210 = 5*n, -3*n + 3*q + 134 = -q. Let k = n + g. List the prime factors of k.
2, 7
Suppose -1 - 2 = -q. Suppose -4*v = q*l - 185, v - 5*l - 15 - 37 = 0. Suppose -2*g + v - 13 = 0. List the prime factors of g.
17
Let q(x) = 2*x. Let g be q(1). Suppose -5*u + 7 = -3*h - 0*u, -2*u + 22 = 2*h. What are the prime factors of ((-2)/h)/(g/(-30))?
5
Suppose -j - 4*d + 151 = 0, 2*j = -j - 2*d + 473. What are the prime factors of j?
3, 53
Let a(k) = 31*k**2 - 6*k - 11. What are the prime factors of a(-2)?
5
List the prime factors of (-2 - -216)/(2*(-4)/(-4)).
107
List the prime factors of (((-915)/6)/5)/((-1)/6).
3, 61
Let p = 90 + -84. List the prime factors of p.
2, 3
Let v = 157 - 53. List the prime factors of v.
2, 13
Let n(u) be the third derivative of -u**4/8 - u**3/3 + u**2. Let r be n(-2). Suppose -6*t = r*g - 4*t - 88, 5*t + 74 = 4*g. What are the prime factors of g?
3, 7
Suppose p - 3*s - 10 - 13 = 0, -2*p + 3*s + 49 = 0. What are the prime factors of p?
2, 13
Suppose 0 = -w - 3*s + 21, -2*s = -4*w + s + 114. Let c = w - 14. List the prime factors of c.
13
Let k = 1 + 1. Suppose -15*x - 88 = -19*x. Suppose 0 = -k*h - 0*h + x. List the prime factors of h.
11
Suppose 13*m - 10*m = 18. What are the prime factors of m?
2, 3
Suppose -9*c = -19*c + 1810. List the prime factors of c.
181
Let i be (-4)/6*(-12)/2. Suppose -i*g = -5*g + 5. Suppose -20 = -g*u + 4*u. List the prime factors of u.
2, 5
Let b(v) = 2*v + 1. List the prime factors of b(5).
11
Let k(t) = 48*t**2 - 1. List the prime factors of k(-1).
47
Suppose b + 0*b = -9. Let d = b - -17. List the prime factors of d.
2
Suppose -5*u - 4 = -14. Let g be u + 1/1 + -1. Let i(c) = 2*c**2 + 2. List the prime factors of i(g).
2, 5
Let x(b) = b - 2. Let g be x(4). Suppose -o = g*l - 2*o - 9, -2*o = -2*l + 8. Suppose -l*p + 7 = -4*p. List the prime factors of p.
7
Let b(m) = m + m + 8*m**2 + 0 + 1. What are the prime factors of b(-1)?
7
Suppose -18 = -l - t, -t = l - 6*t - 36. What are the prime factors of l?
3, 7
Let l be (1*-6)/(3/(-2)). Suppose -25 = n - 5*g, 2*n - 3*n - l*g - 61 = 0. Let r = n - -63. List the prime factors of r.
2, 3
Suppose -3*m + 29 = 2*c, 2*c - 36 = -2*m + 4*c. List the prime factors of m.
13
Suppose 5*r = 0, 4*x - 5*x - 4*r + 14 = 0. List the prime factors of x.
2, 7
Let t = 4 - 1. Let j(i) = 4*i - 1. Let w be j(t). Suppose 3*h = a + w, -2*a + 6 = -3*h + 16. What are the prime factors of h?
2
Suppose -5*l = j - 3, 0*j = -j + 4*l + 3. Let d = -27 - -31. Suppose -j - 29 = -d*w. List 